 = 2*g**2 - 4*g + 43. Calculate v(0).
43
Let m(s) = 47*s**3 + 233*s**2 - 8*s + 43. Determine m(-5).
33
Let l(s) = s**3 + 31*s**2 + 218*s - 39. Calculate l(-20).
1
Let t(v) = -13*v**3 - 106*v**2 - 48*v - 238. Calculate t(-8).
18
Let v(x) = 2*x**2 - 9*x + 35. Determine v(6).
53
Let z(a) = -a**3 - 23*a**2 - 79*a - 706. Give z(-22).
548
Let g(f) = f**3 - 4*f**2 + 12*f - 52. What is g(3)?
-25
Let i(v) = 17*v**2 - 204*v + 9. Calculate i(11).
-178
Let g(h) = 2*h**3 + 34*h**2 + 21*h + 359. Determine g(-17).
2
Let n(j) = j**3 - 45*j**2 + 197*j + 32. Determine n(40).
-88
Let q(g) = -g**2 - 15*g + 3. Give q(-14).
17
Let l(s) = s**3 - 14*s**2 + 10*s + 193. Calculate l(14).
333
Let x(o) = -22*o - 1378. Calculate x(-63).
8
Let o(c) = -3*c**2 + 28*c - 122. Determine o(6).
-62
Let b(n) = 3168*n - 9501. Determine b(3).
3
Let q(v) = -17*v**2 + 66*v - 19. What is q(3)?
26
Let w(t) = -t**3 - 40*t**2 - 79*t - 161. What is w(-38)?
-47
Let t(h) = -123*h**3. What is t(-1)?
123
Let y(x) = 90*x + 4. Calculate y(1).
94
Let w(f) = 305*f - 682. Give w(2).
-72
Let b(z) = 35*z + 1186. Calculate b(-33).
31
Let o(d) = d**3 + 16*d**2 - 252*d + 215. Determine o(-26).
7
Let a(z) = 2*z**2 + 4*z - 17. Give a(3).
13
Let a(d) = 296*d - 8254. Give a(28).
34
Let n(z) = -94*z - 64. Give n(-1).
30
Let f(n) = -3*n**3 - 60*n**2 - 61*n - 11. Give f(-19).
65
Let u(o) = 36*o**2 - 78*o - 316. Calculate u(-4).
572
Let b(v) = v**3 - 20*v**2 - 159*v - 4. Determine b(-6).
14
Let t(q) = q**3 + 62*q**2 + 44*q - 1031. What is t(-61)?
6
Let d(z) = -z**2 - 464*z - 6866. What is d(-15)?
-131
Let u(v) = 4*v**2 - 23*v + 43. Give u(2).
13
Let h(f) = -75*f**2 + 12526*f - 165. What is h(167)?
2
Let g(v) = 2*v**2 + 44*v - 467. Determine g(-30).
13
Let o(s) = -18*s**2 + 172*s + 73. What is o(10)?
-7
Let l(q) = q**2 + 23*q + 318. Calculate l(-11).
186
Let r(u) = -464*u - 3697. Give r(-8).
15
Let t(y) = -2*y**3 + 32*y**2 - 99*y - 16. Give t(5).
39
Let o(c) = 4*c**3 + 112*c**2 - 114*c + 90. Determine o(-29).
32
Let s(f) = f**3 + 4*f**2 - 74*f - 18. Calculate s(7).
3
Let w(b) = -b**3 + 41*b**2 + 28*b + 757. Determine w(42).
169
Let f(z) = 2*z**3 - 18*z**2 + 7*z - 89. Determine f(9).
-26
Let d(c) = c**3 - 16*c**2 - 100*c - 95. Give d(21).
10
Let r(m) = -683*m + 2050. Calculate r(3).
1
Let b(z) = -46*z - 53. Determine b(-1).
-7
Let v(q) = -q**2 + 80*q - 1516. Determine v(50).
-16
Let o(d) = 12296*d - 12302. Give o(1).
-6
Let k(j) = 3*j - 71. What is k(23)?
-2
Let u(k) = -330*k - 5587. Determine u(-17).
23
Let j(q) = q**3 - 5*q**2 - 65*q + 71. Determine j(10).
-79
Let f(i) = i**3 + 26*i**2 + 7*i - 10. Determine f(-26).
-192
Let f(d) = d**2 + 4*d - 19. Calculate f(-7).
2
Let m(o) = 3*o**2 - 1368*o + 4077. Determine m(3).
0
Let d(o) = 43*o**2 + 7*o + 2. Determine d(-2).
160
Let t(j) = -j**2 + 7*j + 16. What is t(-4)?
-28
Let k(d) = 26*d**2 - 45*d + 41. Give k(1).
22
Let i(m) = -m**2 + 19*m + 210. Calculate i(27).
-6
Let h(u) = u**2 - 66*u + 951. Give h(23).
-38
Let j(n) = -251*n - 8530. Give j(-34).
4
Let k(y) = y**3 + 20*y**2 + 38*y - 7. Give k(-18).
-43
Let g(l) = l**3 - 6*l**2 - 8*l - 68. Give g(8).
-4
Let y(i) = -59*i + 1596. Give y(27).
3
Let m(b) = 88*b - 424. Give m(4).
-72
Let n(l) = l**3 - 8*l**2 + 17*l - 6. What is n(5)?
4
Let f(b) = -207*b**3 - 13*b**2 + 11*b. What is f(1)?
-209
Let g(z) = -173*z**2 - 17646*z - 1. What is g(-102)?
-1
Let y(c) = c**2 + 32*c - 452. Calculate y(-48).
316
Let w(l) = -l**2 - 243*l - 12779. Give w(-166).
3
Let p(r) = -r**2 - 124*r - 2750. Give p(-95).
5
Let n(o) = 10*o**3 + 365*o**2 + 170*o - 370. What is n(-36)?
-10
Let o(s) = -4*s**2 + 15*s - 26. What is o(8)?
-162
Let g(x) = -x**2 - 44*x + 10. Determine g(-19).
485
Let f(b) = -3*b**2 - 35*b + 141. What is f(4)?
-47
Let n(h) = -8*h**2 - 524*h - 1744. Calculate n(-62).
-8
Let x(k) = k**3 - 8*k**2 + 57*k - 206. What is x(5)?
4
Let n(i) = -i**3 + 9*i**2 + 9*i + 46. Determine n(10).
36
Let h(u) = u**3 - 11*u**2 - 36*u + 129. What is h(13)?
-1
Let y(h) = -12*h + 333. Give y(29).
-15
Let j(y) = y**3 + 7*y**2 - 12*y - 73. Give j(-5).
37
Let a(x) = -2*x**3 + 24*x**2 + 61*x - 29. Calculate a(14).
41
Let y(m) = m**3 - 82*m**2 - 255*m - 99. What is y(85)?
-99
Let v(c) = -152*c + 5315. Determine v(39).
-613
Let o(r) = -3*r**2 + 67*r + 18. Give o(22).
40
Let u(j) = j**3 - 5*j**2 + j + 14. Calculate u(7).
119
Let o(k) = k**2 - 66*k + 418. Give o(7).
5
Let f(x) = -x**3 - 31*x**2 - 29*x. Calculate f(-30).
-30
Let y(a) = -a**2 + 2922*a - 6. Determine y(0).
-6
Let t(r) = -8*r**2 + 36*r + 39. Give t(7).
-101
Let k(b) = 3*b**3 + 3*b**2 - 3. Give k(-3).
-57
Let q(p) = p**2 + 95*p + 61. What is q(0)?
61
Let z(v) = -5*v**3 + 25*v**2 - 12*v. Calculate z(5).
-60
Let v(h) = -h**2 - 14*h + 436. What is v(-31)?
-91
Let v(a) = -2*a**3 + 2*a**2 + 35*a - 38. Give v(4).
6
Let i(u) = -6*u**3 - 20*u**2 + 22*u + 14. Give i(-4).
-10
Let y(s) = -s - 150. Determine y(-35).
-115
Let y(v) = -3*v**2 - 68*v - 459. Determine y(-11).
-74
Let g(a) = -a**3 - 33*a**2 + 2*a + 1069. Give g(-32).
-19
Let v(n) = 3*n - 34. Calculate v(1).
-31
Let u(l) = l**2 - 3*l - 363. What is u(20)?
-23
Let d(r) = -r**3 - 22*r**2 - 119*r - 108. Determine d(-14).
-10
Let i(x) = 119*x + 436. Calculate i(-8).
-516
Let z(l) = 18*l**2 + 24*l + 10. Calculate z(-2).
34
Let g(d) = d**3 + 3*d**2 - 115*d + 32. Calculate g(10).
182
Let z(j) = -34*j - 683. What is z(-7)?
-445
Let m(s) = s**3 + 7*s**2 - 166*s - 711. Give m(-4).
1
Let l(n) = 84*n - 6567. Calculate l(78).
-15
Let g(o) = 4*o**2 - 8*o - 22. Calculate g(-3).
38
Let q(v) = 333*v + 4249. Calculate q(-13).
-80
Let h(f) = 73*f - 7515. Calculate h(104).
77
Let i(j) = -113*j + 64. Give i(-1).
177
Let r(s) = 3*s**3 + 7*s**2 + 21*s - 8. Calculate r(-3).
-89
Let z(v) = v**2 - 126*v - 1220. What is z(-9)?
-5
Let b(t) = 3*t**3 - 5*t**2 + 3*t + 5. Give b(3).
50
Let k(h) = h**3 + 10*h**2 + 11*h + 16. What is k(-8)?
56
Let o(i) = -4*i**2 + 41*i + 11. What is o(7)?
102
Let x(g) = g**2 - 22*g - 405. Calculate x(37).
150
Let d(s) = -4950*s + 29707. Determine d(6).
7
Let h(c) = -c**3 + 34*c**2 - 36*c + 1208. Give h(34).
-16
Let q(d) = -1054*d + 14736. What is q(14)?
-20
Let o(h) = 43*h + 3381. What is o(-73)?
242
Let h(d) = d**2 - 22*d + 93. What is h(17)?
8
Let c(z) = -z**2 - 188*z + 10189. Determine c(44).
-19
Let u(m) = -85*m + 14974. Calculate u(176).
14
Let j(l) = -8*l**2 + 9*l + 81. Give j(-5).
-164
Let u(t) = -3*t**2 + 92*t - 128. Calculate u(29).
17
Let c(m) = 6*m - 149. Calculate c(-6).
-185
Let k(i) = 2588*i - 12935. Calculate k(5).
5
Let y(b) = 19*b**2 + 294*b + 123. Give y(-15).
-12
Let a(t) = t**3 - 8*t**2 + 18*t - 15. What is a(2)?
-3
Let g(w) = -6*w**2 + 555*w - 3359. Determine g(86).
-5
Let v(u) = -3*u**3 - 18*u**2 + 47*u + 286. Give v(-8).
294
Let x(p) = 6*p**3 + 7*p**2 + 7*p - 3. Give x(-4).
-303
Let p(u) = -u**2 - 312*u - 1538. Give p(-5).
-3
Let b(h) = 508*h - 6674. Give b(13).
-70
Let x(c) = -2*c**3 - 34*c**2 - 25*c + 67. Give x(-16).
-45
Let q(k) = k**3 + 9*k**2 - 46*k + 33. Give q(2).
-15
Let h(z) = z**2 + 120*z - 10593. Determine h(59).
-32
Let d(a) = a**3 - 20*a**2 + 40*a + 268. What is d(14)?
-348
Let t(r) = r**3 - 496*r**2 + 11332*r - 58. Calculate t(24).
38
Let h(g) = -2*g**3 - 247*g**2 - 162*g - 4794. Calculate h(-123).
3
Let i(w) = w**2 - 199*w + 3802. Give i(21).
64
Let k(q) = -74*q - 878. Calculate k(-12).
10
Let h(l) = l**3 - 22*l**2 - 4*l + 22. Give h(22).
-66
Let x(i) = 9*i**2 + 6*i + 15. Give x(0).
15
Let j(v) = 2*v**2 - 11*v - 34. Calculate j(-4).
42
Let a(v) = -834*v - 1655. Determine a(-2).
13
Let f(n) = n**3 + 7*n**2 + 2*n - 15. Give f(-2).
1
Let c(t) = -10*t**2 - 216*t + 107. Give c(-22).
19
Let g(v) = -11*v**3 + 2*v**2 + v + 61. Give g(0).
61
Let w(o) = 2*o**3 + 11*o**2 + 7*o + 67. What is w(-6)?
-11
Let a(m) = -25*m + 310. Determine a(10).
60
Let y(g) = -g**2 - 6*g + 152. What is y(10)?
-8
Let a(p) = -p**2 - 23*p - 34. Calculate a(-15).
86
Let y(i) = -i**3 + 6*i**2 - 62*i + 1015. Give y(10).
-5
Let u(h) = -7*h + 74. What is u(23)?
-87
Let n(q) = -133*q - 292. Determine n(-2).
-26
Let u(n) = n**2 + 1823*n - 29424. Determine u(16).
0
Let z(r) = r**2 + 73*r + 3. Give z(0).
3
Let z(x) = -13182*x - 26386. Determine z(-2).
-22
Let s(l) = 5*l + 28. Determine s(17).
113
Let v(w) = 108*w - 650. Give v(6).
-2
Let p(j) = -44